 remainder when u is divided by y?
8
Suppose -8 = g - 2*g. Let m(t) = 1 - t - 6 - g - t. What is the remainder when 58 is divided by m(-14)?
13
Suppose 5*g - 2*q = q + 1515, -5*g - 3*q = -1545. Calculate the remainder when g is divided by 44.
42
Let l(m) = m**2 + 5*m + 8. Let s = 31 - 45. Calculate the remainder when l(s) is divided by 34.
32
Let o = 105 + -99. What is the remainder when o is divided by 2?
0
Let q = -2306 - -2332. Suppose -r + 0*m = 3*m, 0 = r - 3*m - 30. Calculate the remainder when q is divided by r.
11
Let w = 72 - 30. Calculate the remainder when w is divided by -5*(8/(-4) + -1).
12
Let f = 4 - -3. Suppose 3*s + 2*t - 25 + 3 = 0, 4*s - 2*t = 20. Suppose 6 = -3*y + s*y. Calculate the remainder when f is divided by y.
1
Suppose 6*i - 165 + 39 = 0. What is the remainder when 47 is divided by i?
5
Let v(i) = -2*i**3 - 17*i**2 + 3*i + 16. Calculate the remainder when v(-9) is divided by 21.
7
Calculate the remainder when 49 is divided by 33 + -2 - 6*(-6)/36.
17
Let g(u) = u**2 - 6*u - 5. Let j = 3 + 1. Suppose -5*x + 340 = -4*a, -4*x + 54 = j*a - 182. What is the remainder when x is divided by g(9)?
20
Let u be ((-2)/6 - 0)*(27 - 36). Suppose 0 = -u*a + x + 166, 4*x + 197 = 3*a + 19. Calculate the remainder when a is divided by 23.
8
Let q(o) = 2*o**2 + 53*o + 285. What is the remainder when 194 is divided by q(-6)?
38
Let s(k) = k**3 + 8*k**2 - 4*k - 41. Let x = -238 + 452. What is the remainder when x is divided by s(-5)?
52
Let v(t) = 19*t + 10. What is the remainder when 260 is divided by v(1)?
28
Let g = 245 + 67. What is the remainder when g is divided by 79?
75
Let m(c) = 2*c**2 - 9*c + 3. Let k(b) = -2*b + 12. Let j be k(5). Suppose -j*r - 12 = -28. What is the remainder when m(r) is divided by 15?
14
Suppose -38*u + 25 = -43*u. Calculate the remainder when 20 is divided by ((-44)/2)/2*(u - -4).
9
Suppose 0 = n - 6*n + 15. Let t(w) be the second derivative of w**5/20 - w**4/3 + 5*w**3/6 - w**2/2 - 8*w. What is the remainder when t(3) is divided by n?
2
Let t be (-757)/5 + 10/125*5. Let w = t + 256. What is the remainder when w is divided by 27?
24
Let m(o) = 6*o + 95. What is the remainder when 228 is divided by m(-12)?
21
Suppose -3*j - 56 + 239 = 0. What is the remainder when j is divided by 11?
6
Let q = 14 - 9. Suppose a - 86 - 26 = 4*w, -4*a = -w - 28. What is the remainder when (-2)/4 - 238/w is divided by q?
3
What is the remainder when 54 is divided by 8 + 34/(-187) + 532/22?
22
Suppose -66*l + 37 = -65*l. Calculate the remainder when 55 is divided by l.
18
What is the remainder when 128 is divided by 20/35 + (-1480)/(-56)?
20
Suppose j = -5*w + 4, 3*w + 16 + 0 = 4*j. Suppose j*d - 14 = -3*i, -2*d = d + 4*i - 7. Suppose -d*o = -o - 84. What is the remainder when o is divided by 11?
10
Let v(s) = 3*s - 3. Let g be v(2). Suppose 0 = g*o + 6*u - u - 18, 2*o = -3*u + 13. Let b = -8 - -15. Calculate the remainder when o is divided by b.
4
Suppose 20*p - p = 1710. Suppose -q - 4*q = -v + 18, 3*v - 3*q = p. Calculate the remainder when 163 is divided by v.
31
Calculate the remainder when 158 is divided by (84/(-30))/7 - (-47)/5.
5
Suppose -33 = -3*p + 9. What is the remainder when (30 - 0) + -7 + 2 is divided by p?
11
Suppose 0 = 220*r - 279*r + 1829. Suppose z = 3*z - 5*f - 31, 53 = 3*z - f. Calculate the remainder when r is divided by z.
13
Suppose -5*f = 22*f - 19062. What is the remainder when f is divided by 12?
10
What is the remainder when 409 is divided by (-605)/(-33) - (50/15 - 3)?
13
Suppose 5*l - 127 - 58 = 0. Let y(r) be the third derivative of -r**4/24 + 19*r**3/6 - 7*r**2. Calculate the remainder when l is divided by y(6).
11
Suppose -679 = -21*x + 161. Calculate the remainder when x is divided by 4.
0
Let h = -72 - -83. Suppose 0 = 5*o - 6*o + h. Calculate the remainder when 30 is divided by o.
8
Let y = 6 + -6. Suppose 4*w - 160 = -y*w. Calculate the remainder when 158 is divided by w.
38
What is the remainder when 94 is divided by -80*(12/(-30) + 0)?
30
What is the remainder when 162 is divided by 130/10 - 2/((-1)/1)?
12
Let d(p) = -p**3 - 16*p**2 - 72*p - 18. Calculate the remainder when 374 is divided by d(-9).
59
Let r be (6/12)/(1/68). Let j = r + -31. Calculate the remainder when 4 is divided by j.
1
Let x = 1795 - 1786. Suppose -u + 6 = -9. Calculate the remainder when u is divided by x.
6
Suppose 4*l = -4*f + 1088, 5*l + f - 1363 = -3*f. Suppose 5*m - 105 = l. Calculate the remainder when m is divided by 11.
10
Let t = -118 + 127. What is the remainder when 18 is divided by t?
0
Let w(s) = -11*s - 100. What is the remainder when w(-14) is divided by 22?
10
Suppose 2*o = 6*o + 192. Let v = 69 + o. Let h(i) = -18*i - 30. Calculate the remainder when h(-5) is divided by v.
18
What is the remainder when 198 is divided by 119/3 + (-2 - 10/(-3))?
34
Let l = 1670 - 1647. What is the remainder when (-49 - -1)*(-147)/28 is divided by l?
22
Let y(i) = i**3 - 12*i**2 + 13*i - 16. Let n be y(11). What is the remainder when (-6 - -3)/(n/(-100)) is divided by 13?
11
Let o(d) = 12*d - 166. What is the remainder when 14 is divided by o(15)?
0
Let v = 1 + 3. Suppose -7*o + v*o + 66 = 0. Calculate the remainder when o is divided by 6.
4
Suppose 2*s + 8 = 3*s. Let v = 14 + 44. Suppose 4*y = 2*y + v. Calculate the remainder when y is divided by s.
5
Suppose -4*p - 462 = -5*u, -u + 0*p + 75 = 5*p. What is the remainder when u is divided by 54?
36
What is the remainder when 151 is divided by 41/(-369) - (-226)/9?
1
Let r(j) = j**2 - 3*j + 3. Let t be r(2). Let w(u) = 6*u**3 - u**2 + 2. What is the remainder when 53 is divided by w(t)?
4
Let x be 1/((-18)/(-104)) + 16/72. Suppose 2*c = 94 - 28. Calculate the remainder when c is divided by ((-10)/15)/(x/(-459)*3).
16
Let x(j) = -j + 13. Suppose 5*o + 48 = 4*r, 5*o = -10 - 10. Calculate the remainder when x(r) is divided by 1.
0
Suppose 3*d - 337 = -241. What is the remainder when 44 is divided by d?
12
Let r = 2106 + -2039. Calculate the remainder when 225 is divided by r.
24
What is the remainder when 33 is divided by (9/4)/(34/136)?
6
Let t be (-843)/(-18) - 5/(-30). Suppose -2*i - 5*z = -t, -5*i + 92 = -0*i + 4*z. What is the remainder when i is divided by 10?
6
Suppose 59 = f - 115. Let n = f - 111. What is the remainder when n is divided by 11?
8
Suppose 88*k = 83*k - 3*l + 668, 5*k - 4*l - 696 = 0. Calculate the remainder when k is divided by 23.
21
Suppose 0*r + 3 = 3*r, 2*n - 5*r - 25 = 0. What is the remainder when (6/9)/(4/354) is divided by n?
14
Let p(i) = 5*i**3 - 4*i**2 + 3*i + 1. Suppose 573 = -18*r + 969. What is the remainder when p(3) is divided by r?
21
Let g = 549 - 544. Calculate the remainder when 342 is divided by g.
2
Let n(x) = 8*x**2 - 4*x + 4. Calculate the remainder when n(4) is divided by 10.
6
Suppose 3*c - 132 = -3*l - 0, 0 = 5*c - 2*l - 213. What is the remainder when 429 is divided by c?
42
Let b = -13 + 20. Let u be b*-1 - 0/(-10). Let t = 14 - u. What is the remainder when 40 is divided by t?
19
Let s = -1140 - -1162. Calculate the remainder when 502 is divided by s.
18
Suppose 0 = 3*t - 9*z + 11*z - 70, 3*z = -3. Calculate the remainder when 163 is divided by t.
19
Let f = 35 + -30. Suppose -f*j + 30 + 5 = 0. What is the remainder when j is divided by 6?
1
Let r(l) = l**3 + 3*l**2 + l - 3. Let h be r(-2). What is the remainder when 34 is divided by (h - 13)*(-21)/42?
6
What is the remainder when 153/(1 + 12/(-18)) is divided by 10?
9
Let x = -490 + 521. What is the remainder when 277 is divided by x?
29
Let o(j) = 4*j**2 - j - 16. Let h be o(-5). Suppose f - 14 = -3*t, -5*f - 3*t = -h + 19. Calculate the remainder when 2 + (-3 - -1) + 39 is divided by f.
11
Suppose -4*b + 9*b - 230 = 0. Let k(p) = -p**2 + 8*p + 12. Calculate the remainder when b is divided by k(0).
10
Calculate the remainder when (14 - (-1397)/(-99)) + -2757*4/(-108) is divided by (13/(-2))/(3/(-12)).
24
Suppose 11*l = 6*l + 35. Let u = 18 + -16. Calculate the remainder when l is divided by u.
1
Let i(u) = 5*u**3 - u + 2. Let a be i(-2). Let x = a - -41. Let b = 26 - 7. What is the remainder when b is divided by x?
4
Let r = 95 - 85. Calculate the remainder when 63 is divided by r.
3
Let d(j) = -j + 1. Let c(b) = b**3 - 25*b**2 + 17*b + 6. Let u(w) = -c(w) + 6*